u + (-24)/(-6) + 17 + -5. What is z(o)?
21
Let a(f) = -f**2 - f + 6. Suppose 9*j = j + 16. Let p be a(j). Suppose 0*n + 6*n - 18 = p. Let y(d) = d + 2. Give y(n).
5
Let x(t) = 32*t**2 - 2*t - 2. Let m(z) = 2*z**2 - 3*z - 1. Let g(f) = m(f) - x(f). Let k be (-5)/(-7) + 8/28. Determine g(k).
-30
Let d(f) = f + 1. Suppose 495 = 34*n - 321. Let p be ((-12)/n)/(3/6). Determine d(p).
0
Suppose 41*q - 174 = 44*q. Let h = 54 + q. Let z(v) = -v**2 - 4*v - 1. Determine z(h).
-1
Suppose 0 = -v - 12*r + 7*r + 4, 5*v = -5*r. Let u(h) = 7*h**3 + 0*h - h + 2*h**3 + 35*h**3. What is u(v)?
-43
Let b(i) = -i**3 + 5*i**2 + i - 4. Let y(o) be the third derivative of o**5/60 + o**4/4 + 5*o**3/6 + 51*o**2. Let w be y(-6). What is b(w)?
1
Let x be 926/(-17131) - (-1 - 818/74). Let q(t) = -t**2 + 11*t + 11. Determine q(x).
-1
Let p(y) = -2*y - 7. Let l(k) be the second derivative of -k**3 + 15*k. Let i be l(1). Let q be p(i). Let d(a) = -a**2 + 3*a + 1. What is d(q)?
-9
Let y(p) = 25 + 15541*p**2 - 7778*p**2 - 7773*p**2 - 3*p + p**3 - 2*p - 9*p. Calculate y(11).
-8
Let a(t) = -3*t + 1. Suppose 0 = 5*z + 4*n - 68, -4*z + 3*n - 4 + 46 = 0. Let v(r) = -r**3 + 10*r**2 + 23*r + 8. Let w be v(z). What is a(w)?
13
Let v(k) = -k + 4. Suppose 0 = -4*f + 2*i + 222, -8*f + 217 = -4*f - 3*i. Let m(j) = 113*j - 2124. Let r be m(19). Suppose 5*d = -r + f. Determine v(d).
-3
Let q = 29066 + -29068. Let k(s) = -8*s**2 + 3*s + 5. Determine k(q).
-33
Let z(d) = 5*d + 2*d - 4*d. Let r(b) be the first derivative of b**3/3 + b**2 - 2*b - 25. Let f be r(-3). Determine z(f).
3
Let f be 3 + -2 - -2*1. Suppose o - 2 = -f. Let m(s) be the third derivative of -s**6/60 + s**3/6 + 24*s**2 - 37*s. Give m(o).
3
Suppose -m - 4*a = -6*m - 2, 0 = m + 2*a - 8. Let d be (m/4)/(3/30). Let w(u) = -5*u + 307. Let g(o) = -3*o + 191. Let i(l) = 8*g(l) - 5*w(l). Determine i(d).
-2
Let c(r) = r**3 + 8*r**2 + 3*r - 16. Suppose 0 = -4*a + 4*d - 24, 5*d = -11*a + 9*a - 19. Give c(a).
12
Let u(g) = 16*g + 1. Let n = -220 + 225. Suppose -5*z - 3*l = -4, 0 = 5*z - 0*z + n*l - 10. What is u(z)?
-15
Let v(f) = f. Suppose -b + 67 = -3*a - 87, -4*a - 205 = -b. Let y = 78 - 126. Let r = a - y. Calculate v(r).
-3
Let m(g) = -2*g - 16. Let p be m(-17). Let a(x) = -p*x - 4 + x**3 - 3 - 8*x**2 + 26*x + 1. Calculate a(7).
1
Let r(i) = -145*i - 54. Let f(z) = 67*z + 26. Let l(q) = 13*f(q) + 6*r(q). What is l(-14)?
0
Suppose l - 8 = 5*b - 27, -l - 4 = -2*b. Let c(w) = -10*w + 68. Give c(l).
8
Let z(l) be the third derivative of l**6/120 - 4*l**5/15 + 7*l**4/12 - 31*l**3/6 - 21*l**2 - 9*l. Determine z(15).
-46
Let f(i) = i**3 + 8*i**2 + 8*i. Let x(h) = 36*h**2 - 2*h + 1. Let z be x(1). Suppose 0 = k, 10*a - 5*a = 4*k - z. Determine f(a).
-7
Let z(s) = 130*s - 550. Let u(h) = 7*h - 29. Let i(o) = 75*u(o) - 4*z(o). Determine i(-6).
-5
Suppose 6*w - 5*w = -1. Let k(l) = -l**3 + l**2 + 1. Let h(i) = 8*i**2 - 2*i + 6. Let q(j) = w*k(j) + h(j). Let m(z) = 1. Let y(r) = 3*m(r) + q(r). Give y(-7).
22
Suppose 2*i = 2*n + 6, i + 24*n - 7 = 29*n. Let o(t) = -4*t**i + 38*t + 0 + 0*t**3 - 37*t - t**3 - 1. Give o(-5).
19
Let d = -10111 - -10111. Let b(o) be the second derivative of d - 1/6*o**3 + 3/2*o**2 + 2*o. Give b(-3).
6
Let y(p) be the second derivative of p**3/6 - 3*p**2 - 105*p + 2. Suppose -10*u + 23*u - 104 = 0. What is y(u)?
2
Suppose -16*f - 6309 = -6389. Let c(d) = 5*d**2 - 24*d - 12. Calculate c(f).
-7
Let u(p) = 21*p**2 - 33*p - 3. Let b(i) = -9*i**2 + 14*i + 2. Let g(n) = 5*b(n) + 2*u(n). What is g(-1)?
-3
Let t be 1262/16 - 15/(-120). Suppose -15 = -8*v - t. Let l(j) = -j**2 - 9*j - 8. What is l(v)?
0
Let a(y) = -295*y**3 - 3*y - 2 + 9464*y**2 + 305*y**3 - 9465*y**2. Determine a(-1).
-10
Suppose 5*o = 2*h - 42, 7*o + 36 = h + 2*o. Let y be (-1 - 0) + (-3 - -8). Suppose h = -2*n, 3*n - 2 = -y*t + 21. Let c(q) = q**2 - 10*q + 12. Determine c(t).
-4
Let f(c) = -c**3 - 4*c**2 + 3*c + 2. Suppose 20 = 5*z, -3*x - 383 = -5*z + 48. Let m = -141 - x. Give f(m).
-10
Let r(j) = 2*j**2 - 6*j - 7. Let l(x) = -7*x + 58. Let m be l(10). Let w be 10 - (44/4 - m/(-2)). Give r(w).
13
Let t be 4 + 2 + -1 - 161. Let m = 145 + t. Let s(q) = q**2 + 10*q - 3. Determine s(m).
8
Let p(k) be the third derivative of -k**4/24 - 4*k**3/3 + 14*k**2. Let o be p(-11). Let z(f) = 5 + o + 2*f - f. What is z(0)?
8
Let h(r) be the third derivative of -1/60*r**5 + 0*r**3 - 1 - 5*r**2 - 1/8*r**4 + 0*r. Suppose -5*s + 0*n + 3*n = 18, 3*n + 42 = -5*s. What is h(s)?
-18
Suppose 5*t = -2*d - 21, -d - 3*t - 13 = -0*d. Let n(a) = -12*a**2 - a + 4*a - 4 + 15*a**2 - a**3 - 2*a. What is n(d)?
2
Let s(f) be the second derivative of -f**5/40 - f**4/24 + 5*f**3/6 - 48*f - 1. Let o(a) be the second derivative of s(a). Calculate o(-2).
5
Let n be (1 + -16)*((-14)/(-6) + -3). Let k be ((-4)/n)/(3/(-15)). Let c(i) = 3 + 427*i - k + i**2 - 424*i. Calculate c(-4).
5
Let j(n) = -n + 16. Let f be (-7 - -1) + 2 + 19. Give j(f).
1
Let w(g) = g. Suppose 13 - 13 = -12*x. Let a(f) = -f + 5. Let k be a(x). Calculate w(k).
5
Let m(p) = 190*p + 8 + 26 - 188*p. Let a be m(-20). Let i be (0/3)/(a/3). Let d(w) = -w**2 - w + 6. Calculate d(i).
6
Let q(t) = t**2 + 5*t - 5. Let z be (-18)/81 + (-40)/(-18) + 28. Let p = 52 - z. Suppose -4*g + r = -r + p, -5*g = -5*r + 30. Give q(g).
-5
Let t(h) be the first derivative of -h**2 + h - 35. Let v(i) = -i**2 + 5*i. Let y(c) = 2*t(c) + v(c). Let x(k) = k + 9. Let q be x(-6). Give y(q).
-4
Let j(d) = -3*d + 91*d**2 + 6 - 4 - 109*d**2. What is j(1)?
-19
Let t = 7272 + -7286. Let q(d) = 3*d + 27. Give q(t).
-15
Let k(p) = -11*p + 4. Let j be ((-1910)/(-191))/(10/(-8)) - -4. Calculate k(j).
48
Let q(s) = -s + 15. Suppose 92 = 3*a - 85. Let n be (6/(-3) - -1) + a. Let j = 58 - n. Determine q(j).
15
Let m(n) = -2*n + 1. Let t(v) = 385*v - 20. Let i be t(1). Suppose -4*g = -349 + i. What is m(g)?
9
Let a be 10*3/12*-2 + 0. Let z(d) = -5 + 305*d**2 - 300*d**2 + 3 - 5*d + 0 - 4*d**3. Let x(s) = s**3 + s - 1. Let n(t) = -5*x(t) - z(t). Determine n(a).
7
Let m(d) be the third derivative of -d**5/60 - 25*d**4/24 - 73*d**3/6 - d**2 - 36*d - 8. Determine m(-20).
27
Let l(n) be the third derivative of n**5/15 - n**4/4 - 7*n**3/2 - 236*n**2. Give l(3).
-3
Let h(l) be the second derivative of -l**3/6 + l**2/2 - l. Suppose -99*r + 102*r - 606 = 0. Let q = 209 - r. What is h(q)?
-6
Suppose 15*r - 255 = 4*r - 4*r. Let x(a) = a**3 - 17*a**2 + a - 14. What is x(r)?
3
Let g(r) = -3*r - 31. Let j(t) = 59*t + 295. Let o be j(-5). Determine g(o).
-31
Let u(n) = -n**2 + 53*n - 4. Let l(i) = 3*i**2 - 123*i + 9. Let m(f) = -2*l(f) - 5*u(f). What is m(-15)?
62
Let p = -266 + 270. Let q(x) = 4*x**2 + 6*x - 9*x**2 + p*x**2. Determine q(7).
-7
Let h(q) = -q + 6. Let s(w) = -1. Let a(v) = -h(v) - 4*s(v). Suppose 60*l - 264*l = -2448. Give a(l).
10
Let a(z) = 0*z**2 + 38*z**2 - 15*z - 37*z**2 - 4 + 4*z**3. Let n(w) = -9*w**3 - 2*w**2 + 33*w + 8. Let u(h) = -7*a(h) - 3*n(h). What is u(-4)?
28
Let a(t) = t**3 + 4*t**2 + t + 12. Let f(d) = -2*d**3 + 2*d**2 - 2*d + 1. Let j(i) = a(i) + f(i). Give j(6).
7
Let h be (0/(-2))/((-1)/(-5)*-10). Let y(x) be the second derivative of h*x**2 - 1/6*x**3 + 0 - 5*x. Determine y(-4).
4
Let c(j) = j**2 + 1. Let u(b) = 2*b**2 - 2*b + 4. Let o(p) = 5*c(p) - u(p). Let g be 30/9*(-27)/45. What is o(g)?
9
Let f(g) = g**3 - 44*g**2 + 43*g + 6. Let i = 20053 + -20010. Calculate f(i).
6
Let m = -743 + 786. Suppose 0 = 2*u - m*u + 246. Let d(k) = -k + 2. Give d(u).
-4
Suppose -m + d = 2*d + 12, 4*m - 3*d = -20. Let a(s) = -23*s**2 + 15*s - 3. Let k(c) = 19*c**2 - 14*c + 1. Let o(v) = -5*a(v) - 6*k(v). Determine o(m).
1
Let b(g) = g**3 - 7*g**2 + 6*g + 3. Let r be (2/(-1) - 2) + 0. Let v(p) be the third derivative of p**4/12 + 7*p**3/3 - 137*p**2. Let l be v(r). Calculate b(l).
3
Let i(p) = 23 - 28 - 18 - 26 - 5*p - 28. What is i(-14)?
-7
Let p(j) = -j**2 - j - 1. Let q(r) = 9*r**2 + r + 5. Let v be -5*(92/10 + -9). Let t(l) = v*q(l) - 4*p(l). Give t(2).
-15
Let r(q) be the third derivative of q**4/24 - 2*q**3/3 + q**2 + 51*q. Let b = 0 - -30. Let o be 6/9*b/4. What is r(o)?
1
Let o(b) = -b + 6. Let p(t) = -11 + 47*t - 75*t + 30*t. Let w(y) = -5*o(y) - 2*p(y). What is w(4)?
-4
Let c be -4*(-7)/(-28)*5. Let q be (-17 - (c - (-2 - -2)))/2. Let h(t) = -t**3 - 6*t